at is the ten thousands digit of 14904658?
0
What is the ten thousands digit of 1328195?
2
What is the thousands digit of 6062628?
2
What is the hundred thousands digit of 3045637?
0
What is the hundreds digit of 1163267?
2
What is the ten thousands digit of 561641?
6
What is the tens digit of 240419?
1
What is the thousands digit of 3934410?
4
What is the hundreds digit of 104838?
8
What is the hundreds digit of 1390724?
7
What is the hundreds digit of 3590230?
2
What is the ten thousands digit of 42521?
4
What is the hundred thousands digit of 274774?
2
What is the thousands digit of 29629750?
9
What is the ten thousands digit of 4856589?
5
What is the units digit of 370571?
1
What is the tens digit of 334095?
9
What is the hundreds digit of 102826?
8
What is the units digit of 2349305?
5
What is the units digit of 155985?
5
What is the ten thousands digit of 397154?
9
What is the hundreds digit of 1482780?
7
What is the hundred thousands digit of 753744?
7
What is the hundred thousands digit of 7568400?
5
What is the ten thousands digit of 538375?
3
What is the hundreds digit of 5547356?
3
What is the tens digit of 393278?
7
What is the hundreds digit of 528232?
2
What is the thousands digit of 417884?
7
What is the millions digit of 29821252?
9
What is the units digit of 2016348?
8
What is the thousands digit of 7112245?
2
What is the ten thousands digit of 313065?
1
What is the thousands digit of 5284857?
4
What is the tens digit of 105842?
4
What is the units digit of 140043?
3
What is the units digit of 4374228?
8
What is the millions digit of 3655070?
3
What is the hundred thousands digit of 8233979?
2
What is the hundreds digit of 398227?
2
What is the ten thousands digit of 3446586?
4
What is the hundreds digit of 1670306?
3
What is the ten thousands digit of 1065711?
6
What is the ten thousands digit of 3385033?
8
What is the millions digit of 2505511?
2
What is the tens digit of 17330599?
9
What is the ten thousands digit of 298947?
9
What is the tens digit of 784723?
2
What is the tens digit of 613167?
6
What is the units digit of 6931013?
3
What is the tens digit of 229904?
0
What is the hundreds digit of 220203?
2
What is the units digit of 2693965?
5
What is the thousands digit of 110278?
0
What is the thousands digit of 327828?
7
What is the hundred thousands digit of 318388?
3
What is the units digit of 1270564?
4
What is the hundreds digit of 3214005?
0
What is the thousands digit of 102079?
2
What is the units digit of 37659?
9
What is the hundred thousands digit of 3147331?
1
What is the hundreds digit of 27072981?
9
What is the ten thousands digit of 5342438?
4
What is the ten thousands digit of 510912?
1
What is the tens digit of 3451894?
9
What is the hundreds digit of 788065?
0
What is the hundred thousands digit of 10655281?
6
What is the tens digit of 425786?
8
What is the tens digit of 6624998?
9
What is the hundred thousands digit of 2000549?
0
What is the hundred thousands digit of 1879169?
8
What is the thousands digit of 2659198?
9
What is the hundred thousands digit of 264445?
2
What is the thousands digit of 873298?
3
What is the hundreds digit of 534278?
2
What is the units digit of 662231?
1
What is the hundreds digit of 1997663?
6
What is the thousands digit of 645214?
5
What is the hundreds digit of 1168065?
0
What is the hundreds digit of 136128?
1
What is the thousands digit of 1366363?
6
What is the millions digit of 2973259?
2
What is the tens digit of 323891?
9
What is the hundred thousands digit of 3457964?
4
What is the hundreds digit of 164652?
6
What is the tens digit of 781537?
3
What is the tens digit of 30484808?
0
What is the units digit of 4757?
7
What is the tens digit of 108043?
4
What is the ten thousands digit of 129994?
2
What is the units digit of 1300567?
7
What is the thousands digit of 1227483?
7
What is the thousands digit of 1514997?
4
What is the thousands digit of 2327524?
7
What is the thousands digit of 316239?
6
What is the tens digit of 212882?
8
What is the ten thousands digit of 36253?
3
What is the millions digit of 5759464?
5
What is the thousands digit of 1338646?
8
What is the tens digit of 549236?
3
What is the tens digit of 1238828?
2
What is the hundreds digit of 686712?
7
What is the thousands digit of 887575?
7
What is the units digit of 503256?
6
What is the tens digit of 14989415?
1
What is the hundred thousands digit of 8620310?
6
What is the millions digit of 1810096?
1
What is the hundred thousands digit of 257544?
2
What is the ten thousands digit of 1043149?
4
What is the millions digit of 5732568?
5
What is the units digit of 8525199?
9
What is the hundred thousands digit of 1051822?
0
What is the units digit of 9076?
6
What is the units digit of 756559?
9
What is the ten thousands digit of 2239962?
3
What is the thousands digit of 7787027?
7
What is the hundred thousands digit of 290910?
2
What is the thousands digit of 166814?
6
What is the ten thousands digit of 13491570?
9
What is the hundred thousands digit of 2118468?
1
What is the units digit of 1855722?
2
What is the tens digit of 9827444?
4
What is the hundreds digit of 3431554?
5
What is the tens digit of 3229249?
4
What is the tens digit of 243412?
1
What is the hundreds digit of 81405?
4
What is the tens digit of 621755?
5
What is the ten thousands digit of 70785?
7
What is the ten thousands digit of 1650830?
5
What is the tens digit of 1260298?
9
What is the ten thousands digit of 3155690?
5
What is the units digit of 2561381?
1
What is the hundreds digit of 292134?
1
What is the tens digit of 1332585?
8
What is the units digit of 147199?
9
What is the thousands digit of 59319?
9
What is the units digit of 63519?
9
What is the ten thousands digit of 15652906?
5
What is the units digit of 5556156?
6
What is the millions digit of 41145885?
1
What is the ten thousands digit of 1307928?
0
What is the units digit of 742443?
3
What is the millions digit of 2946357?
2
What is the ten thousands digit of 3096847?
9
What is the millions digit of 25723952?
5
What is the millions digit of 1154113?
1
What is the thousands digit of 22302?
2
What is the units digit of 1428905?
5
What is the hundreds digit of 1180326?
3
What is the ten thousands digit of 25574419?
7
What is the tens digit of 700746?
4
What is the units digit of 355066?
6
What is the hundreds digit of 249303?
3
What is the tens digit of 74373?
7
What is the hundred thousands digit of 12495780?
4
What is the units digit of 596951?
1
What is the tens digit of 257093?
9
What is the hundreds digit of 214613?
6
What is the millions digit of 13911845?
3
What is the millions digit of 1976849?
1
What is the thousands digit of 1183818?
3
What is the hundred thousands digit of 13790404?
7
What is the units digit of 7094038?
8
What is the hundred thousands digit of 804563?
8
What is the units digit of 14357069?
9
What is the hundred thousands digit of 193885?
1
What is the thousands digit of 182625?
2
What is the units digit of 2689390?
0
What is the units digit of 989988?
8
What is the hundreds digit of 155619?
6
What is the thousands digit of 418598?
8
What is the hundred thousands digit of 255238?
2
What is the units digit of 738543?
3
What is the hundreds digit of 30913465?
4
What is the units digit of 8961?
1
What is the hundred thousands digit of 938328?
9
What is the thousands digit of 131119?
1
What is the ten thousands digit of 6030279?
3
What is the ten thousands digit of 149490?
4
What is the hundreds digit of 31142385?
3
What is the millions digit of 1625309?
1
What is the ten thousands digit of 119698?
1
What is the ten thousands digit of 12404?
1
What is the thousands digit of 14757572?
7
What is the ten millions digit of 23066208?
2
What is the tens digit of 418206?
0
What is the ten thousands digit of 281281?
8
What is the thousands digit of 5473188?
3
What is the tens digit of 77762?
6
What is the units digit of 598872?
2
What is the tens digit of 414060?
6
What is the ten thousands digit of 367989?
6
What is the ten thousands digit of 210737?
1
What is the thousands digit of 363706?
3
What is the thousands digit of 731834?
1
What is the hundred thousands digit of 276801?
2
What is the thousands digit of 326952?
6
What is the units d